t is the units digit of x?
8
Let q be 15/20*(0 - -12). Let c(s) = -2*s**3 + s**2 + 2*s + 2. Let h be c(-2). Let k = h - q. What is the units digit of k?
9
Suppose -s - 4*m = -14, -s - s + 33 = 3*m. What is the tens digit of s?
1
Suppose y + 4*m = 37 - 12, 5*y - 65 = -5*m. What is the units digit of y?
9
Suppose 8*f = 4*f. Suppose a + 9 = 4*y, f*a - y = 3*a - 12. Suppose a*z - 3*g - 18 = 0, 6*z + 3*g - 6 = z. What is the units digit of z?
3
Suppose 0 = -2*a + 64 + 32. What is the tens digit of a?
4
Suppose -2*z + 2 = -3*a, -a + 3 = -3*z - 1. What is the tens digit of -7 + 35 - 2*a?
3
Suppose -45 = -0*h - 5*h. Suppose h*d - 15 = 4*d. Suppose -5*q - d*n - n + 7 = 0, 5*q + 3*n - 9 = 0. What is the units digit of q?
3
Suppose 0 = 8*z - 147 - 357. What is the units digit of z?
3
Let o be (-3*1)/(6/4). Let b(w) = -3*w - 5. What is the units digit of b(o)?
1
Let r = 146 - 97. What is the units digit of r?
9
Suppose 2*w - 5 - 13 = 0. What is the tens digit of 165/w - 4/12?
1
Suppose -2*h - 15 = 5*s, -5*h + 5*s = 4*s - 30. Suppose h*r - 2*g = 3*g + 75, 0 = 5*g + 20. Let z = r + -3. What is the units digit of z?
8
Suppose -20 = -4*i - i. Let u(w) = 7*w - 5. What is the units digit of u(i)?
3
Suppose 3*m + 4*h - 15 = -h, 0 = -3*m + 5*h + 45. What is the units digit of m?
0
Suppose 3 = 2*b - 5. Suppose -b*a = a. Suppose -5*n - 5*z = 0, 2*n - n - 3*z - 16 = a. What is the units digit of n?
4
Let r = -13 + -56. Let f = r - -43. What is the tens digit of 1*f/(-8)*4?
1
Let b = 17 - 4. What is the tens digit of b?
1
Let u(k) = -k**2 + 3*k - 3. Suppose 2*q - 28 = 4*w, 5*w + 22 = 3*q - 15. Let z be u(q). What is the units digit of (-33)/z - (-10)/35?
5
Let q be ((-6)/(-5))/((-3)/(-50)). Let v = -14 + q. Suppose 2*o - 6 = v. What is the units digit of o?
6
Suppose -3*b = -13 + 4. Let q = 5 - b. What is the units digit of q?
2
What is the tens digit of 75 + -4 + 2 + -1?
7
Let a = 1 - 3. Let g be (-1)/(a + 1) - -1. What is the units digit of g + 4 - (0 + 0)?
6
Let s(j) = -j**3 - 10*j**2 + 12. Let q = 6 - 16. Let t be s(q). Let a = -8 + t. What is the units digit of a?
4
Suppose i + 2*l = 11 + 1, 3*i - 9 = 3*l. What is the units digit of (i/9)/((-2)/(-6))?
2
Suppose 0 = -5*m + r + 31, 2*m - 10 = -r + 1. Let a(c) = c**3 - 6*c**2 + 2*c - 9. What is the units digit of a(m)?
3
Let q = 13 + -9. Suppose q*k - 144 + 8 = 0. What is the tens digit of k?
3
Let l = -6 - -10. Suppose -60 = -l*b - b. What is the tens digit of b?
1
Let j = -4 - -9. Suppose -5*u = j*m - 8 - 12, 4*u + 16 = 4*m. Suppose -3*i = 4*z + z - 90, -m*i = -20. What is the tens digit of z?
1
Let u(r) = -r**3 + 6*r**2 + 7*r - 3. Let y be u(7). Let b = 4 + y. Suppose -4*o + 25 = b. What is the units digit of o?
6
Suppose 0*l + 2*l - o - 4 = 0, l = o. Let n(x) = 6*x - 2. What is the tens digit of n(l)?
2
Suppose 2651 = 27*t - 16*t. What is the hundreds digit of t?
2
Let k(f) = f**2 - 2*f - 2. Let d be 2/(-5) + (-43)/5. Let r be 3/(-9) + (-39)/d. What is the units digit of k(r)?
6
Suppose 3952 = 9*s + 7*s. What is the hundreds digit of s?
2
Let o(f) = f**3 + 4*f**2 + f. Let i be o(-3). Let w(g) be the third derivative of g**4/24 - g**3/3 + g**2. What is the units digit of w(i)?
4
Let f(z) = -z**3 + 6*z**2 - 3*z + 7. Suppose -3*t = -2*t - 5. Let o be f(t). Suppose 2*i + 4 = -2*v, -2*v - 5*i + 1 - o = 0. What is the units digit of v?
2
What is the units digit of (-37 + (-2 - -2))/(6/(-48))?
6
Suppose -4*i + 13 = -7. Suppose 3*p = -2*q - 10, 9*p - q = 4*p + i. Suppose p = -2*k + 5*o + 19, o - 17 = -3*k + 3. What is the units digit of k?
7
What is the units digit of -5 + 53 - ((-1 - 0) + 2)?
7
Suppose -2*g = -44 - 18. What is the tens digit of g?
3
Let z(b) be the first derivative of 13*b**4/4 - 3*b**2/2 + b + 4. Let a be z(2). What is the units digit of 2/(-4) - a/(-6)?
6
Let s(b) = -2*b + 2. Let g(w) = -1. Let h(n) = -3*g(n) - s(n). What is the units digit of h(5)?
1
Suppose m = 4*m - 87. What is the units digit of m?
9
Let j(g) = -g**3 - 4*g**2 + 7*g. Let r be j(-6). Let t = r + -13. What is the tens digit of t?
1
Let v = 112 - 49. What is the tens digit of v?
6
Suppose 4 + 0 = n. Suppose -3*g - 3 = -g - 3*l, -g - n*l = -15. What is the units digit of g?
3
Let q(a) = -16*a + 20. What is the hundreds digit of q(-9)?
1
Suppose -3*d - d = -60. What is the tens digit of d?
1
Suppose -2*h = -h. Let f(i) = -i**2 - i + 12. What is the units digit of f(h)?
2
Let i(p) = -3*p + p**3 - 5*p**2 + 4*p - 5 + 3*p. Let h be i(4). Let d(v) = -v**2 - 5*v + 4. What is the units digit of d(h)?
4
Suppose 303 = 13*s - 178. What is the tens digit of s?
3
Suppose -3*u - 2 - 4 = 0. What is the tens digit of u/8*10*-8?
2
Suppose 0 = 5*w + 3*j - 3, -w + 2 = -j + 3*j. Suppose 4*z + w*o - 2*o - 130 = 0, z = -3*o + 29. What is the tens digit of z?
3
Suppose 2*g + g - 9 = 0. Suppose -g*b - 2*b = -20. Suppose 4*j - b = 2*j. What is the units digit of j?
2
Let f be (-15)/21 + (-4)/14. What is the units digit of f + 0 + 1 - -3?
3
What is the tens digit of ((-63)/14)/((-12)/104)?
3
Suppose -2*s - 5 - 1 = 0. What is the tens digit of s/2*(-234)/27?
1
Suppose 11*x - 1344 = 7*x. What is the tens digit of x?
3
Suppose -5*z - 4*n - 4 = -16, -5*n + 15 = 4*z. Suppose g + 11 = a - z*g, -5*g = -a + 15. What is the tens digit of a?
1
Suppose -5*u + 2 = -4*u. Suppose -2*n = -n + j - 6, 5*j = -u*n + 21. What is the units digit of n?
3
Suppose 0 = -3*y - 4*z - 16, 0*z - 4*z = 2*y + 16. Suppose p - 10 = -p. Suppose y = p*i - 0*i - 30. What is the units digit of i?
6
Let g(k) = 4*k - 7. Let m(s) = -3*s + 7. Let u(v) = -5*g(v) - 6*m(v). Let f(b) = 1. Let q(n) = -6*f(n) - u(n). What is the units digit of q(4)?
9
Let q(a) = 22*a + 7. What is the units digit of q(4)?
5
Suppose 0 = 6*m - 2*m - 128. What is the tens digit of m?
3
Suppose -15*w + 11*w = -32. Suppose 5*g + 40 = -2*v - 35, 25 = -5*v. What is the units digit of (-4)/w - g/2?
6
Suppose 2*q = -2*z + 18, 5*z - 28 - 9 = -3*q. Suppose v - 49 = z*c, 0*c = v + c - 31. What is the tens digit of v?
3
Let p(b) = b**3 - 4*b**2 + 4*b. Let w be p(3). Suppose 5*f - 2 = -3*i - 4, 4*f + i = -w. Let h = 8 + f. What is the units digit of h?
7
Let t = 10 + 37. What is the units digit of t?
7
Suppose 81 = 4*g + 13. What is the tens digit of g?
1
Suppose -3*j - 4 = p - 0, 4*j - p = 4. Suppose 11 = -j*i + i. What is the tens digit of i?
1
Suppose 2*k - 5*w - 29 = 0, 5*k - 4*w = -3*w + 61. What is the tens digit of k?
1
Let q(g) = -4*g - 3. Let w be q(-2). Suppose -20 + w = -5*u. Suppose u*v = -v + 4. What is the units digit of v?
1
Let q = 34 + 7. What is the units digit of q?
1
Suppose 0 = -2*d + 1 + 1. Let f be (-3)/(2 - d - 0). What is the units digit of (1/f)/(1/(-3))?
1
Let l(x) = -x**2 - 1. Let m be 0*2/12*-2. Let t be l(m). Let a(s) = -18*s**3 - 2*s**2 - s. What is the units digit of a(t)?
7
Let q(l) = 3*l + 10. What is the units digit of q(7)?
1
Let h(b) = -b + 1. Let p be h(0). Let f be (3 + -1 + -1)*p. Let g(r) = 15*r - 1. What is the units digit of g(f)?
4
Let w(u) = -u**2 - 9*u - 13. Let y be w(-6). Suppose -y*i + 100 = -3*i. What is the units digit of i?
0
Let a(w) = w**2 + w + 1. Let f be a(-2). Let p(c) = -3*c - 3. Let x be p(f). What is the units digit of 93/12 - 3/x?
8
Let g be 4/6*(-3)/(-1). Suppose 0 = -0*v + g*v - 42. Let t = v - 10. What is the units digit of t?
1
Suppose -4*v + 16 = 4*g - 2*v, 3*g = -2*v + 13. Suppose -4*z + b + 43 = 0, -g*z - 40 = -7*z + 4*b. What is the units digit of z?
1
Suppose 2*f + 3*o = -3, 5*f + o - 1 = -2. Suppose f = 2*c - 64 - 20. What is the tens digit of c?
4
Let x(i) = 9*i - 11. What is the units digit of x(6)?
3
Suppose -5 = 5*h - 2*p, 5*h = 4*p - p. Let q be -15*(0 + h/9). Let x = q - -3. What is the units digit of x?
8
Suppose 0 = 4*b - 8*b + 12. Let d = -1 + 12. What is the units digit of 1*d*(b + -2)?
1
Suppose 3*a - 5 - 4 = 0. Suppose -a*y = 3*u - 2*y - 63, 0 = y. What is the units digit of u?
1
Suppose -v - 3*v = -40. What is the units digit of v?
0
Suppose 3 = -j + 6. Suppose -c + 4*v - j = 0, 2*c = -5*v + 6 + 1. What is the units digit of c?
1
Suppose -3*j + 15 = 0, 4*t + 5*j - 28 = 3*t. Let w = t - 3. Suppose -3*g + 12 = -2*g + 4*h, 2*g + 5*h - 21 = w. What is the units digit of g?
8
Let k(o) = -4*o**2 + 2*o + 1. Let l be k(-1). Let q(t) = t**3 + 4*t**2 - 4*t +